3.
132
What is the remainder when 62776566 is divided by 155773?
47
Calculate the remainder when 323737 is divided by 100.
37
What is the remainder when 60989 is divided by 1367?
841
Calculate the remainder when 2583338 is divided by 33.
32
What is the remainder when 352590 is divided by 535?
25
Calculate the remainder when 33931706 is divided by 810.
806
Calculate the remainder when 26220745 is divided by 12421.
14
What is the remainder when 893277473 is divided by 26?
23
Calculate the remainder when 18521785 is divided by 221.
217
What is the remainder when 240090497 is divided by 171?
170
Calculate the remainder when 83779 is divided by 239.
129
Calculate the remainder when 7912316 is divided by 641.
453
Calculate the remainder when 11218110 is divided by 5609005.
100
What is the remainder when 5174415 is divided by 702?
675
What is the remainder when 30607054 is divided by 15303527?
0
Calculate the remainder when 1269740 is divided by 211621.
14
What is the remainder when 244340 is divided by 30101?
3532
Calculate the remainder when 10590898 is divided by 5295325.
248
Calculate the remainder when 5547206 is divided by 504291.
5
Calculate the remainder when 3941281 is divided by 5399.
11
What is the remainder when 2167092 is divided by 166684?
200
What is the remainder when 1008621 is divided by 3539?
6
What is the remainder when 823078 is divided by 411532?
14
Calculate the remainder when 1222524 is divided by 64343.
7
Calculate the remainder when 10887903 is divided by 114.
105
What is the remainder when 32891427 is divided by 1210?
1207
Calculate the remainder when 979508 is divided by 1880.
28
Calculate the remainder when 1162423 is divided by 22.
9
What is the remainder when 440963 is divided by 88119?
368
What is the remainder when 2617810 is divided by 872420?
550
Calculate the remainder when 426756 is divided by 426745.
11
What is the remainder when 37595503 is divided by 2746?
17
Calculate the remainder when 3227671 is divided by 806910.
31
Calculate the remainder when 5447709 is divided by 8.
5
What is the remainder when 16358 is divided by 2251?
601
Calculate the remainder when 3253554 is divided by 464397.
2775
What is the remainder when 190484 is divided by 4429?
37
What is the remainder when 261604 is divided by 206?
190
Calculate the remainder when 539558 is divided by 3353.
3078
What is the remainder when 4908445 is divided by 95?
80
What is the remainder when 11054866 is divided by 132?
130
What is the remainder when 5236 is divided by 40?
36
Calculate the remainder when 17643410 is divided by 172.
166
What is the remainder when 1178408 is divided by 1338?
968
What is the remainder when 61908 is divided by 1340?
268
What is the remainder when 5318026 is divided by 11267?
2
Calculate the remainder when 6392430 is divided by 96.
78
What is the remainder when 77880 is divided by 66?
0
Calculate the remainder when 56706 is divided by 9416.
210
What is the remainder when 2033582 is divided by 7648?
6862
Calculate the remainder when 20638 is divided by 218.
146
Calculate the remainder when 85074 is divided by 39.
15
Calculate the remainder when 58997 is divided by 820.
777
Calculate the remainder when 12719 is divided by 1416.
1391
What is the remainder when 1428969 is divided by 1428966?
3
Calculate the remainder when 11016066 is divided by 2203207.
31
Calculate the remainder when 21587620 is divided by 93.
88
Calculate the remainder when 122443 is divided by 343.
335
What is the remainder when 1813697 is divided by 54?
53
Calculate the remainder when 16906252 is divided by 1025.
927
What is the remainder when 17229769 is divided by 1102?
1101
Calculate the remainder when 13751 is divided by 797.
202
Calculate the remainder when 375198 is divided by 16256.
1310
What is the remainder when 698215 is divided by 29075?
415
Calculate the remainder when 7158861 is divided by 6.
3
What is the remainder when 2793988 is divided by 1680?
148
What is the remainder when 427653 is divided by 142520?
93
What is the remainder when 44452034 is divided by 639?
638
Calculate the remainder when 35793 is divided by 1573.
1187
Calculate the remainder when 344469 is divided by 113183.
4920
Calculate the remainder when 983073 is divided by 475.
298
What is the remainder when 11837721 is divided by 18790?
21
What is the remainder when 2010543 is divided by 1005246?
51
Calculate the remainder when 1141669 is divided by 285337.
321
What is the remainder when 122641350 is divided by 1402?
1400
Calculate the remainder when 2601816 is divided by 38833.
5
What is the remainder when 365247 is divided by 95?
67
What is the remainder when 151058983 is divided by 5?
3
What is the remainder when 159722 is divided by 15918?
542
What is the remainder when 3522166 is divided by 146?
62
Calculate the remainder when 29066262 is divided by 137105.
2
Calculate the remainder when 160780 is divided by 233.
10
Calculate the remainder when 278677 is divided by 1206.
91
Calculate the remainder when 3130895 is divided by 2282.
2273
Calculate the remainder when 1256730 is divided by 96.
90
Calculate the remainder when 36060 is divided by 1283.
136
What is the remainder when 2174090 is divided by 135879?
26
What is the remainder when 154271 is divided by 10992?
383
What is the remainder when 64767983 is divided by 100?
83
What is the remainder when 39307 is divided by 1310?
7
Calculate the remainder when 602509 is divided by 7.
5
Calculate the remainder when 1199975 is divided by 449.
247
What is the remainder when 691766 is divided by 345802?
162
Calculate the remainder when 349555 is divided by 26.
11
Calculate the remainder when 9162396 is divided by 162.
0
Calculate the remainder when 55751623 is divided by 1279.
13
Calculate the remainder when 6982 is divided by 1705.
162
Calculate the remainder when 732222 is divided by 104602.
8
Calculate the remainder when 174903 is divided by 6237.
267
Calculate the remainder when 7169432 is divided by 673.
636
What is the remainder when 534883 is divided by 267402?
79
Calculate the remainder when 731368 is divided by 18753.
1
What is the remainder when 236129164 is divided by 14?
12
What is the remainder when 15243980 is divided by 3810985?
40
What is the remainder when 50029382 is divided by 1645?
1642
Calculate the remainder when 128291 is divided by 17434.
6253
Calculate the remainder when 312059 is divided by 103712.
923
Calculate the remainder when 2033660 is divided by 2126.
1204
Calculate the remainder when 27532915 is divided by 2753291.
5
Calculate the remainder when 11160159 is divided by 1496.
1495
Calculate the remainder when 4789024 is divided by 2394500.
24
Calculate the remainder when 306394 is divided by 153113.
168
What is the remainder when 602031 is divided by 3763?
3714
What is the remainder when 1394554 is divided by 111?
61
What is the remainder when 966270 is divided by 69018?
18
What is the remainder when 14401600 is divided by 101?
10
What is the remainder when 148409 is divided by 1400?
9
Calculate the remainder when 5230113 is divided by 475463.
20
What is the remainder when 47628 is divided by 2750?
878
Calculate the remainder when 908535 is divided by 2753.
45
Calculate the remainder when 4728717 is divided by 1360.
1357
What is the remainder when 435159 is divided by 22797?
2016
What is the remainder when 2384104 is divided by 675?
4
Calculate the remainder when 366004 is divided by 442.
28
Calculate the remainder when 21033298 is divided by 47.
46
What is the remainder when 1600146 is divided by 133333?
150
What is the remainder when 28801428 is divided by 2618309?
29
What is the remainder when 2941006 is divided by 115?
111
What is the remainder when 29935 is divided by 850?
185
What is the remainder when 2504658 is divided by 80795?
13
What is the remainder when 15690 is divided by 418?
224
Calculate the remainder when 2012446 is divided by 1704.
22
What is the remainder when 428860 is divided by 743?
149
Calculate the remainder when 934254 is divided by 311053.
1095
What is the remainder when 63098 is divided by 29555?
3988
What is the remainder when 73896 is divided by 2548?
4
What is the remainder when 747464 is divided by 1289?
1133
Calculate the remainder when 725479 is divided by 2476.
11
Wh